hundreds digit of m(v)?
1
Let r be (252/35 - 6) + (-56)/(-20). Suppose 2*v = -r*a + 2953 - 997, -2*a = -4*v - 958. What is the tens digit of a?
8
Suppose 0 = 116*k - 545*k + 32853249. What is the hundreds digit of k?
5
Let g(b) = 151*b - 17. Let s be g(9). Suppose -3*o - j + s = 0, -4*o - j = 2*j - 1796. Let q = -239 + o. What is the hundreds digit of q?
2
Suppose 0 = -q - c + 1105, -5522 = -5*q + 5*c - 9*c. Let b = -650 + q. What is the tens digit of b?
5
Suppose -144 = -3*b - 0*b + 3*g, 2*g + 231 = 5*b. Let m = 109 - b. What is the tens digit of m?
6
Suppose -636 = -4*z - 5*o - 102, 5*z - 661 = -3*o. Let v = z - -43. What is the tens digit of v?
7
Suppose -6*a + 391 + 2171 = 0. Let j = a - 241. Let u = j + -121. What is the units digit of u?
5
Let u be (3/9)/(-5 + 4)*-63. Suppose -u*w + 154 = -22*w. What is the units digit of 2*14/8*(-88)/w?
2
Let a = 77258 - 18038. What is the tens digit of a?
2
What is the units digit of 3 + (20/15 - (-325)/(-39)) + 48965?
1
Suppose -3*x = -3*l - 6501, 5*l - 1084 = -x + 1059. What is the thousands digit of x?
2
Let z(t) = 20*t - 39. Let q(s) = s + 2. Let o(m) = 6*q(m) - z(m). What is the hundreds digit of o(-9)?
1
Let i(g) = g**3 + g**2 - 7*g - 1. Let l be 1/1 - 8/2. Let q be i(l). Suppose -2*r - q*h + 111 + 85 = 0, 5*r - 4*h = 508. What is the hundreds digit of r?
1
Let u = -29 + 15. What is the tens digit of -519*((-1)/21 - (-4)/u)?
7
Let s = 226 + 2514. Suppose 0 = -23*u + s + 10048. What is the tens digit of u?
5
Let k be -1 - ((5 - 11) + -5). Suppose k*v - 302 = 9*v. What is the hundreds digit of v?
3
Let v(m) = 13*m**2 - 8*m - 81. What is the units digit of v(52)?
5
Suppose -15 = 83*h - 86*h. Suppose 10 = -h*z, 52 = -7*m + 3*m - 2*z. Let f(w) = -2*w + 39. What is the units digit of f(m)?
3
Suppose 163 = 4*i - 3*b, -12*i = -11*i - b - 42. What is the tens digit of i?
3
Suppose -21897 = -z - 5419. What is the units digit of z?
8
Let t(s) = 35*s - 13. Let p be ((-20)/25)/(2/(-10)). Let y be t(p). Suppose -2*x = u - 74, -2*u + 5*x + y = 2*x. What is the units digit of u?
8
Suppose 0 = -5*a + 2*v + 11, 4*a = 2*v + 3*v + 2. What is the tens digit of ((-32)/12 + 3)/(a/1818)?
0
What is the units digit of (-60)/(-2)*(-29 - 41286/(-18))?
0
Suppose -n - 350 = -t + 91, -2*t + 5*n = -891. Let i = t + -139. What is the hundreds digit of i?
2
Let h = -385 - -900. Let t = 7 + 7. What is the units digit of 4/t - 0 - h/(-35)?
5
What is the tens digit of 17 + -33 - -17 - -756*3?
6
Let v(x) = -39*x + 2907. What is the tens digit of v(-84)?
8
Suppose -3560 = -4*s + 2*i, -2*s + 1966 = -3*i + 190. What is the units digit of s?
1
Let b = 72042 - 35455. What is the thousands digit of b?
6
Let v(q) = 15*q**2 - q**3 + 0*q**3 + 9*q**2 + 30*q - 19*q**2 - 13*q + 47. What is the tens digit of v(-9)?
2
Let j = 90 + -85. Suppose 3*v + j*a - 920 = 0, 5*v - a = 581 + 943. What is the units digit of v?
5
Suppose 10*y = 15*y + 1135. Let g = 324 + y. What is the units digit of g?
7
Suppose 4*n - r - 42302 = 0, 6*r - 2*r = 7*n - 74024. What is the ten thousands digit of n?
1
Let s be ((-8)/20)/(8/400). Let o be (116 + -1)/(-4 - 84/s). Suppose -o = 16*q - 21*q. What is the tens digit of q?
1
Let t(g) = g**3 - 6*g**2 - 2*g - 8. Let c be 9/(-12) - (-254)/8. Suppose 0 = 5*q - 9 - c. What is the hundreds digit of t(q)?
1
Suppose 2*b + 29 = -f, 3*b - 90 = 4*f + 48. Let w = 62 + -46. What is the units digit of 2666/w - f/88?
7
Suppose 1665*m - 1678*m = -232544. What is the thousands digit of m?
7
Let v = 127 + 583. Suppose -l = -6*l - 4*c + 1773, 2*l + 2*c - v = 0. What is the hundreds digit of l?
3
Let y = -394 - -963. What is the units digit of y?
9
Let d(b) = 5*b**3 - 6*b**2 - 11*b + 23. Let t be 20*(-35)/56*(-2)/5. What is the units digit of d(t)?
3
Suppose -i + 844 = 116. Suppose -3*t - 19*r + i = -23*r, 0 = -t + 5*r + 239. What is the hundreds digit of t?
2
Let i be -131*3/(6/(-4)). Let a = i - 34. What is the tens digit of a?
2
Suppose 4*j + 207 = -c, 3*c - j + 1077 = -2*c. Let x(m) = m**3 - 7*m**2 + 19*m + 1. Let h be x(9). Let z = c + h. What is the units digit of z?
9
Suppose -3*k - 81*k - 59*k = -2104817. What is the thousands digit of k?
4
What is the thousands digit of 4/22 - (-2 + 243430/(-121))?
2
Let s = 56 - 56. Let j be s/(-4) + (-1)/(4/8). Let l = 91 + j. What is the units digit of l?
9
Let r(w) = 33*w**2 + 12*w - 5. Let u = -10 - -13. What is the tens digit of r(u)?
2
Let f(q) = 331*q**2 - 145*q + 6. What is the hundreds digit of f(5)?
5
Let b(u) be the third derivative of u**5/4 - 13*u**4/12 + 83*u**3/6 + u**2 - 70*u. What is the units digit of b(10)?
3
Let u be 24/(-18) + (-52)/(-3). Suppose -18*j = -u*j - 166. Let b = 140 - j. What is the tens digit of b?
5
Suppose 10*y = 11*y - 728. Let i = -400 + y. Suppose 2*b - 2*j - 162 = 0, 0 = 4*b + j - 3*j - i. What is the units digit of b?
3
Let q(i) = -i**2 + 52*i + 39. Let y(x) = 2*x**2 - 51*x - 39. Let z(a) = 5*q(a) + 4*y(a). What is the units digit of z(-23)?
8
Let a = -16283 - -27150. What is the hundreds digit of a?
8
Suppose 322*y = 302*y + 314180. What is the ten thousands digit of y?
1
Let s(c) = -c + 192. Let k(t) = 12*t - 170. Let o be k(17). What is the hundreds digit of s(o)?
1
Let k(y) be the second derivative of 431*y**5/10 - y**4/6 - 2*y**3/3 + 3*y**2 - 26*y. What is the tens digit of k(1)?
6
Let c be ((-1)/3)/(3 - 624/207). Let y(g) = g**2 - 24*g + 22. Let q be y(c). What is the tens digit of ((-3)/6)/(q/236)?
1
Let b be -6 + (-6)/4*8/(-6). Let k be 0 + (-2)/b*16. Let y = 39 - k. What is the units digit of y?
1
Suppose 291*i - 60 = 285*i. Let l(z) = 7*z**2 + 10*z + 19. What is the hundreds digit of l(i)?
8
Suppose -24*j - 1457 = 7207. Let f = 512 + j. What is the tens digit of f?
5
Let a(i) = 9*i**2 + 54*i - 586. What is the thousands digit of a(22)?
4
Suppose -4*t - 32*t + 11700 = 0. Let l be 2 - (9 - (0 - 1)). What is the tens digit of (l/(-20))/(1/t)?
3
Let o(j) = 6*j**2 + 88*j - 237. What is the tens digit of o(50)?
6
Let u(m) = 27*m + 13*m**2 + 0*m**2 - m**3 - 12*m - 2*m**2 - 3. Let k be u(11). Suppose -w = -2*j + k, 3*j + w - 166 = j. What is the tens digit of j?
8
Suppose -5*s = i - 64370, -1745*i + 1741*i = s - 257556. What is the thousands digit of i?
4
Suppose 5*a - 5*b - 31 = 4, 0 = -2*a - 4*b - 4. Suppose 7*y = -2*l + a*y + 3526, 2*y - 8 = 0. What is the units digit of l?
7
Let g = 36352 + -18549. What is the ten thousands digit of g?
1
Let x = -706 + 706. Suppose -h - 1 + 8 = x. What is the units digit of h?
7
Let q = -16154 - -23014. Suppose 5*o - 33*o = -q. What is the tens digit of o?
4
Suppose 8 = 5*k + 28. Let s(m) = 0*m + 2 - 2*m + 10. What is the tens digit of s(k)?
2
Suppose -d - 1 = -2*z - 10, 2*d + 3*z = 39. What is the tens digit of 5/(175/d) - 12738/(-21)?
0
Let c(x) = x**3 + 13*x**2 - 13*x + 14. Let s be c(-14). Let q(m) = s*m - 12*m**3 + 123 + 0*m - 119 + m**2. What is the units digit of q(-2)?
4
Suppose -23185 = -35*d + 6670. Suppose -1668 = -3*p + 3*k, -k - 807 = -3*p + d. What is the tens digit of p?
5
Suppose 0 = 2*r - 32*r. Let d = -306 - -442. What is the units digit of r + (-4)/(-1) + d?
0
Let q be -7*249/4*(-8)/3. Suppose -217 = 5*o - q. What is the units digit of o?
9
Let l be (-57)/(5/((-20)/(-6))). Let a = l + 42. Suppose -z = -4*z - 2*k + 353, 0 = a*z + k - 464. What is the units digit of z?
5
Let b = 3321 + 15271. What is the thousands digit of b?
8
Suppose -418765 = -32*j + 157677 - 39738. What is the tens digit of j?
7
Suppose 150*g + 33 = 153*g. What is the units digit of (8/14)/(g/6391)?
2
Let s be (517/2)/(-7 + 145/20). Let z = 81 + s. What is the tens digit of z?
1
Let d(y) = 206*y**2 - 110*y + 860. What is the ten thousands digit of d(9)?
1
Let h(p) = -18*p**2 + 16*p + 85. Let c(z) = 17*z**2 - 18*z - 83. Let d(s) = -4*c(s) - 5*h(s). What is the tens digit of d(-8)?
7
Suppose -11*k + 357 = -1887. Let j = 394 + k. What is the hundreds digit of j?
5
Let k(q) = q**3 - 78*q**2 - 155*q - 313. What is the units digit of k(80)?
7
Suppose 0 = 4*s + 4*j - 12, -s + 23 = 4*j + 20. Suppose 5 = m, -s*d - 2*m - 836 = -5*d. What is the units digit of d?
3
Let o = -1858 + 4056. Suppose -4*z = -2*j - o, -2*z - 8*j = -3*j - 1081. What is the hundreds digit of z?
5
Suppose -q + 4*h = q, 3*q - 3*h - 6 = 0. Suppose -q*y + 7*y = 201. W